be (3 - 2) + (-2 - -190). Let c be (4/(-6))/(14/y). Let s = -6 - c. What is the greatest common factor of 15 and s?
3
Let c be (0 + 0)/(-1 + 0). Let h(w) = 16 + 26*w - 4*w - 11*w + w**2 - 10*w. Let p be h(c). What is the greatest common divisor of p and 128?
16
Let r = -53 + 55. Let d be ((-170)/119)/(r/(-14)). Calculate the highest common factor of d and 90.
10
Let f be (-1)/(14/21)*104/(-6). Calculate the highest common factor of f and 169.
13
Let p = -131 - -306. Calculate the highest common divisor of p and 125.
25
Let n(m) = 11*m**2 + 22*m + 30. Let d be n(-5). What is the greatest common factor of d and 130?
65
Let l = 1230 + -1215. What is the highest common divisor of 33 and l?
3
Let u = -440 - -616. Suppose b = -6 + 22. Calculate the highest common factor of u and b.
16
Let a(j) = j**3 + 5*j**2 + 4*j - 1. Let w be a(-2). What is the highest common factor of w and 2?
1
Suppose 52*k + 3*d = 51*k + 486, 0 = 4*d - 8. What is the highest common divisor of 45 and k?
15
Let a(h) = 4*h - 2. Let x be a(1). Suppose 2*f - 76 = 2*w, f - x*w - 37 = -0*w. Calculate the greatest common factor of 351 and f.
39
Suppose -3*c = 2*h - 23, -c - 2*c - h + 19 = 0. Suppose c*z - 3*r = 114, -2*r = r + 9. Let u = 579 + -576. What is the greatest common factor of z and u?
3
Suppose -201*a = -168*a - 990. What is the highest common factor of a and 40?
10
Let h = -1029 - -1416. What is the greatest common divisor of 43 and h?
43
Let k = 2915 - 1499. Calculate the highest common divisor of 24 and k.
24
Suppose -f = 5*m + 42, 2*m = -5*f - 2*m - 252. Let u be (-1 - 0)/(-13 - -15)*f. Let n = 0 + 13. Calculate the highest common divisor of u and n.
13
Suppose -1289 = -5*y + 6*l - 2*l, -530 = -2*y - 2*l. Calculate the highest common factor of y and 29.
29
Let f = 230 - 129. Suppose 3*b - 61 - f = 0. Let i(v) = 5*v**2 + v. Let t be i(-2). Calculate the greatest common divisor of t and b.
18
Let c be (0 + 1 + 13)*2502/973. What is the greatest common factor of 63 and c?
9
Let j be (-6862)/(-5)*(-220)/(-88). Calculate the greatest common factor of 47 and j.
47
Let f(l) be the third derivative of l**6/60 - l**5/60 + l**4/12 + l**3/2 - 28*l**2. Let j be f(2). Calculate the highest common factor of j and 38.
19
Suppose -2*f = -2, 2*g + 5*f = 2*f + 91. Let t(o) = 3*o + 1. Let c be t(1). What is the highest common divisor of g and c?
4
Suppose 61*x - 3*q + 14 = 66*x, 2 = 5*x - q. Calculate the greatest common factor of x and 54.
1
Suppose -2*m + 25 = 3*x, -4*m + 3*m - 3*x = -17. Let l be (-30)/4*(-80)/25. What is the highest common divisor of m and l?
8
Let t = 31 + -28. Suppose t*r - 40 = 47. Calculate the greatest common divisor of 261 and r.
29
Suppose -y = -6*y + 315. What is the greatest common divisor of y and 14?
7
Let s = -59 - -179. Calculate the highest common factor of 216 and s.
24
Suppose -3*h + 3*o + 27 = 0, -6*h + o = -11*h + 21. Suppose -h*w + 19 = -91. Let u be -26*(1 - 7) + -2. What is the greatest common divisor of u and w?
22
Let v = -37 - -63. Let k(f) = -5*f + 9. Let y be k(3). Let n = 71 + y. Calculate the greatest common divisor of v and n.
13
Let j = -896 - -976. What is the highest common divisor of j and 170?
10
Suppose -5*t = 17 - 217. Let b(g) = g**2 + 12*g - 120. Let k be b(-22). Calculate the greatest common factor of t and k.
20
Let o(s) = s**2 + 17*s + 51. Let n be o(-31). Suppose n = 16*p - 523. What is the greatest common factor of 7 and p?
7
Let i be 2 + 4/(-2)*1. Suppose 4*l - 2*p + 2 = -0, i = 5*l - p - 2. Let g be (20 - 4) + -2 + l. Calculate the highest common factor of g and 150.
15
Let p(a) be the third derivative of a**6/30 - a**5/30 - a**4/24 - a**3/6 - 23*a**2. Let o be p(2). Calculate the highest common divisor of o and 21.
21
Let z be (86/(-12) + 4/(-8))*-15. Suppose z = i - 7. Calculate the highest common divisor of i and 61.
61
Let w(h) = -h**3 - 19*h**2 - 30*h - 56. Let p be w(-18). What is the highest common factor of 24 and p?
8
Let l = -107 - -457. Calculate the highest common factor of 14 and l.
14
Let j be 1 + 1*(2 + 1 - 66). Let n = 66 + j. Calculate the greatest common factor of 6 and n.
2
Suppose 53*d = 331 + 17954. Calculate the highest common factor of d and 30.
15
Suppose 0 = 5*m - 3 - 2, -5*m = -2*j - 51. Let i = j - -41. Let n = 16 + -4. Calculate the highest common factor of i and n.
6
Let c be (-1)/((-6)/4744) + (-2)/3. What is the greatest common divisor of 10 and c?
10
Suppose k + 4 = -0*k. Let c be -3 + -6*k/8. Let r = c - -6. What is the highest common factor of 12 and r?
6
Let i(m) = 2*m - 4. Let b be i(6). Let k = -6 + b. Suppose k*s - 7 = -h, 8 = 2*s + s + h. Calculate the greatest common factor of s and 9.
1
Suppose 6*u + u - 378 = 0. What is the greatest common divisor of u and 144?
18
Let u be (1 + -44)*(6/6 - 2). Suppose m + 2*o - 1415 = -2*m, -10 = 5*o. What is the greatest common divisor of u and m?
43
Suppose -2*f - 3*j + 0*j = -786, 3*f - 2*j = 1153. Suppose 1717 - f = 7*o. Let l be 3/9 + o/6. What is the highest common factor of 4 and l?
4
Let j = 123 + -64. Let v = j + -47. What is the highest common divisor of 4 and v?
4
Let r(u) = u**3 + 5*u**2 - u - 13. Let g be r(-4). Let h = 13 - 4. Let y(n) = 2*n**2 - 11*n + 7. Let f be y(h). Calculate the highest common factor of f and g.
7
Let d be 6/(-9) + 14/3. Suppose v = w + 3*v + 14, 3*w = -v - 52. Let r be (-5)/(-3)*w/(-3). What is the highest common factor of r and d?
2
Suppose 4*n + 35 = 5*q, -5*n + 0 - 16 = 3*q. Let a = 5 - n. Calculate the highest common divisor of a and 10.
10
Let r = 58 - 32. Suppose -18*c + 10*c - 80 = 0. Let h be (-4 - c/2)/((-4)/(-936)). Calculate the greatest common divisor of h and r.
26
Let c(f) be the second derivative of f**4/6 + f**3/3 + 8*f**2 - 7*f. Let i be c(6). Suppose -3*a + 5*a = 40. Calculate the highest common factor of i and a.
20
Suppose 0 = 8*v - 48 - 56. Calculate the highest common factor of v and 871.
13
Let q = 11443 + -11421. Let o be (-14)/6*(1 - 67). Calculate the highest common divisor of q and o.
22
Suppose 0 = 5*n + d - 28, 0*n - 32 = -4*n - 4*d. Suppose 0 = n*w - 74 + 4. Calculate the highest common factor of w and 56.
14
Let l = -1052 + 1076. What is the greatest common factor of 132 and l?
12
Let l be (4/(-2))/4 + 243/54. Let x be -5 + l - (-6 - 16). What is the greatest common factor of 189 and x?
21
Let w(x) = 2*x**2 + 15*x + 94. Let h be w(-6). Let i be (-12)/(2 + -6) + 16. What is the highest common divisor of i and h?
19
Let u(t) = -t**3 + 28*t**2 - 27*t + 20. Let g be -4 - (-93)/(-6)*-2. Let r be u(g). What is the highest common divisor of r and 100?
20
Let j(g) = 5*g - 30. Let k be j(25). Suppose p - k = q, 0 = -p - p + 4*q + 188. Calculate the highest common divisor of p and 12.
12
Let p(k) = 25*k**2 + 7*k - 52. Let n be p(5). Calculate the greatest common divisor of 114 and n.
38
Suppose 2*q - 1 - 1 = 0, 3*s - 4*q = 32. Let n be ((-9)/(-6))/((-2)/s). Let v = -8 - n. What is the highest common factor of v and 3?
1
Let k be -1*(0 + -1)/(-1). Let s = 3 - k. What is the greatest common divisor of 20 and s?
4
Let k = 10 + -31. Let c be k/(-14)*((-16)/(-3))/4. What is the greatest common divisor of c and 16?
2
Let v be 6/(-30) - (-619)/(-5). Let c = 183 + v. Let b = c + 40. What is the highest common divisor of b and 9?
9
Let x be (5 - (-55)/(-7))/((-4)/14). Let k = x + 98. What is the greatest common factor of 12 and k?
12
Let n be 1149/5 - ((-64)/20 + 3). Suppose -a - 47 = -l, -l + 17 + 24 = 5*a. Calculate the greatest common divisor of n and l.
46
Let u = 21 - 12. Suppose -259*k = 3*k + 3*k - 54855. Calculate the greatest common divisor of u and k.
9
Let w(o) = 5*o**3 - 3*o**2 - 2*o + 8. Let u be w(3). Calculate the highest common factor of 66 and u.
22
Suppose 11*o - 7*o - 4 = 0. Let c = o - 0. Suppose 0 = 5*s + 8*g - 3*g - 20, 0 = -g - c. What is the highest common factor of 40 and s?
5
Suppose 5*t - w - 69 = -2*w, -5*t + 77 = 3*w. Suppose 3*u = 2*u + t. What is the greatest common divisor of 104 and u?
13
Let w(l) = 25*l + 108. Let j be w(-4). What is the highest common factor of 200 and j?
8
Let x(v) = 5*v**2 - 3*v - 13. Let b be x(-4). Suppose 0 = 16*y - b - 129. Calculate the greatest common divisor of 26 and y.
13
Suppose -3205*j - 126 = -3211*j. Calculate the highest common 